{"id":13,"date":"2014-08-14T08:12:12","date_gmt":"2014-08-14T08:12:12","guid":{"rendered":"http:\/\/virxedarocha.com\/?page_id=13"},"modified":"2025-08-14T08:09:11","modified_gmt":"2025-08-14T08:09:11","slug":"galeria","status":"publish","type":"page","link":"https:\/\/virxedarocha.com\/?page_id=13","title":{"rendered":"CALDELAS"},"content":{"rendered":"<p style=\"color: #252525;\"><a href=\"https:\/\/es.wikipedia.org\/wiki\/Caldelas_(Tuy)\"><b>Caldelas de Tuy<\/b><\/a>\u00a0(Caldelas de Tui, Caldelas de Mi\u0148o) o\u00a0<b>San Mart\u00edn de Caldelas de Tuy<\/b>\u00a0(San Marti\u00f1o de Caldelas de Tui) es una parroquia del municipio de\u00a0<a style=\"color: #0b0080;\" title=\"Tuy (Pontevedra)\" href=\"http:\/\/es.wikipedia.org\/wiki\/Tuy_(Pontevedra)\">Tuy<\/a>\u00a0(<a style=\"color: #0b0080;\" title=\"Provincia de Pontevedra\" href=\"http:\/\/es.wikipedia.org\/wiki\/Provincia_de_Pontevedra\">Pontevedra<\/a>) situada a orillas del r\u00edo\u00a0<a style=\"color: #0b0080;\" title=\"R\u00edo Mi\u00f1o\" href=\"http:\/\/es.wikipedia.org\/wiki\/R%C3%ADo_Mi%C3%B1o\">Mi\u00f1o<\/a>\u00a0y del\u00a0<a style=\"color: #0b0080;\" title=\"R\u00edo Caselas\" href=\"http:\/\/es.wikipedia.org\/wiki\/R%C3%ADo_Caselas\">Caselas<\/a>, afluente \u00e9ste del primero.<\/p>\n<p style=\"color: #252525;\">Es la parroquia m\u00e1s oriental del municipio de Tuy, y limita con los t\u00e9rminos municipales de\u00a0<a style=\"color: #0b0080;\" title=\"Salceda de Caselas\" href=\"http:\/\/es.wikipedia.org\/wiki\/Salceda_de_Caselas\">Salceda de Caselas<\/a>\u00a0y\u00a0<a style=\"color: #0b0080;\" title=\"Salvatierra de Mi\u00f1o\" href=\"http:\/\/es.wikipedia.org\/wiki\/Salvatierra_de_Mi%C3%B1o\">Salvatierra de Mi\u00f1o<\/a>. Tiene una extensi\u00f3n de <strong>2,88 km<small><sup>2<\/sup><\/small><\/strong>. Es la tercera localidad con mayor densidad de poblaci\u00f3n del municipio tudense, despu\u00e9s del propio Tuy y de\u00a0<a style=\"color: #0b0080;\" title=\"Randufe\" href=\"http:\/\/es.wikipedia.org\/wiki\/Randufe\">Randufe<\/a>.<\/p>\n<p style=\"color: #252525;\">Caldelas cuenta con dos iglesias, la m\u00e1s cercana al r\u00edo es la m\u00e1s antigua.<\/p>\n<p style=\"color: #252525;\">Caracter\u00edsticas de <strong>Caldelas<\/strong> son sus aguas termales,\u00a0que dan nombre al lugar y cuyo aprovechamiento llev\u00f3 a la fundaci\u00f3n de un Balneario.<\/p>\n<p>\u00a0<a title=\"Galer\u00eda Caldelas de Tui\" href=\"https:\/\/virxedarocha.com\/?page_id=94\" target=\"_blank\" rel=\"noopener noreferrer\"><img loading=\"lazy\" decoding=\"async\" class=\" wp-image-137\" src=\"https:\/\/virxedarocha.com\/wp-content\/uploads\/2014\/08\/Ribera-de-Caldelas1-300x225.jpg\" alt=\"Ribera de Caldelas de Tui\" width=\"397\" height=\"298\" \/><\/a><\/p>\n<p>Ver mas Fotos sobre Caldelas (Ribera de Caldelas de Tui)<\/p>\n<p>Consulta el <a title=\"Previsi\u00f3n del Tiempo en Caldelas\" href=\"http:\/\/www.tiempo.com\/caldelas-de-tui.htm\" target=\"_blank\" rel=\"noopener noreferrer\">TIEMPO en CALDELAS<\/a><\/p>\n","protected":false},"excerpt":{"rendered":"<p>Caldelas de Tuy\u00a0(Caldelas de Tui, Caldelas de Mi\u0148o) o\u00a0San Mart\u00edn de Caldelas de Tuy\u00a0(San Marti\u00f1o de Caldelas de Tui) es una parroquia del municipio de\u00a0Tuy\u00a0(Pontevedra) situada a orillas del r\u00edo\u00a0Mi\u00f1o\u00a0y del\u00a0Caselas, afluente \u00e9ste del primero. Es la parroquia m\u00e1s oriental del municipio de Tuy, y limita con los t\u00e9rminos municipales&#8230;<\/p>\n","protected":false},"author":9192192,"featured_media":0,"parent":0,"menu_order":0,"comment_status":"closed","ping_status":"closed","template":"","meta":{"footnotes":""},"class_list":["post-13","page","type-page","status-publish","hentry"],"aioseo_notices":[],"_links":{"self":[{"href":"https:\/\/virxedarocha.com\/index.php?rest_route=\/wp\/v2\/pages\/13","targetHints":{"allow":["GET"]}}],"collection":[{"href":"https:\/\/virxedarocha.com\/index.php?rest_route=\/wp\/v2\/pages"}],"about":[{"href":"https:\/\/virxedarocha.com\/index.php?rest_route=\/wp\/v2\/types\/page"}],"author":[{"embeddable":true,"href":"https:\/\/virxedarocha.com\/index.php?rest_route=\/wp\/v2\/users\/9192192"}],"replies":[{"embeddable":true,"href":"https:\/\/virxedarocha.com\/index.php?rest_route=%2Fwp%2Fv2%2Fcomments&post=13"}],"version-history":[{"count":16,"href":"https:\/\/virxedarocha.com\/index.php?rest_route=\/wp\/v2\/pages\/13\/revisions"}],"predecessor-version":[{"id":661,"href":"https:\/\/virxedarocha.com\/index.php?rest_route=\/wp\/v2\/pages\/13\/revisions\/661"}],"wp:attachment":[{"href":"https:\/\/virxedarocha.com\/index.php?rest_route=%2Fwp%2Fv2%2Fmedia&parent=13"}],"curies":[{"name":"wp","href":"https:\/\/api.w.org\/{rel}","templated":true}]}}